s of c.
41
Let b(i) = -i**2 + 10*i - 8. Suppose 0*h - 16 = -2*h. List the prime factors of b(h).
2
Suppose 0 = i + 3*u + 5, -4*i - 3 + 28 = -3*u. Suppose 0 = 5*m + i*j - 40, 2*m - 3 = j + 13. List the prime factors of m.
2
Let l(p) = p**2 - p - 2. Let k be l(3). Suppose -2*j + 7*j - 3*c - 40 = 0, -k*j + 32 = -5*c. What are the prime factors of j?
2
Let s = -8 + 10. Let m be 8 - ((-10)/(-2) - s). Suppose 41 = m*a - 34. List the prime factors of a.
3, 5
Suppose -s = -4*s + 225. What are the prime factors of s?
3, 5
Suppose -4 + 22 = -3*d. Let s be (-4)/(-3)*(-9)/d. Suppose s*l + 36 = 6*l. What are the prime factors of l?
3
Let i be 12/(-54) + 40/18. Suppose -i*s = s. Suppose 3*t - 40 - 20 = s. What are the prime factors of t?
2, 5
Let a = 55 - 25. Suppose 7*d - 4*d = -a. Let z = -6 - d. What are the prime factors of z?
2
Let c(d) = -d**3 - 5*d**2 + 6*d + 8. Suppose -4*i + o + 8 = -7*i, 0 = -5*i - 5*o - 20. Let f be 120/(-18) - i/3. What are the prime factors of c(f)?
2
Let u be 2 - 3 - (-2 + 4). Let g(x) = x**2 + x + 1. What are the prime factors of g(u)?
7
Let z(g) = 19*g + 4. Let n(s) = -38*s - 9. Let q(a) = 3*n(a) + 5*z(a). List the prime factors of q(-3).
2, 5
Suppose 0 = v + 4*v + 705. Let b(h) = h**2 + 5*h + 4. Let o be b(-3). What are the prime factors of v/(-21) + o/(-7)?
7
Let g be (16/6)/(4/42). Let a be 9/(-8) + -5 + (-1)/(-8). Let m = a + g. What are the prime factors of m?
2, 11
Let n = 22 - 4. What are the prime factors of (-3 + n + -1)/2?
7
Let r(z) = -4*z + 2. Let a(m) = m + 10. Let q be a(0). Let x be (-3)/(-6) + q/(-4). List the prime factors of r(x).
2, 5
Let g(p) = -2*p - 14. Let v be g(-5). Let x(l) be the first derivative of -l**2/2 + 4*l - 1. What are the prime factors of x(v)?
2
Let p(y) = y**2 - 5*y + 2. Let v be p(5). List the prime factors of 48/7 + v/14.
7
Let c = -11 - -16. Suppose 35 = c*u - 0. Let i = u + 6. List the prime factors of i.
13
Let f(w) = -w**3 + 8*w**2 - 9*w + 4. Suppose 12 = -0*m + 2*m. List the prime factors of f(m).
2, 11
Let d be (12/(-9))/(3/45). What are the prime factors of 3 + 1 + (-3 - d)?
3, 7
Suppose -1661 = 4*x - 15*x. What are the prime factors of x?
151
Suppose 3*g = -2*c + 337, 2*g = c + 4*c - 852. What are the prime factors of c?
2, 5, 17
Suppose 2*c + 3*c - 140 = 0. Let m(y) = -y**2 - 3*y + 2. Let t be m(-3). Suppose -5*b - 2*r = -c, 0 = -t*b - r + 3*r. What are the prime factors of b?
2
Let p = 0 + -2. What are the prime factors of 7 - 0*2/p?
7
Let b be -2 + -2 + 1 - 2. Suppose 0*v - 8 = -v. Let q = v + b. List the prime factors of q.
3
What are the prime factors of (-1)/((-4)/8) - -116?
2, 59
Let l = 4 - -4. List the prime factors of ((-84)/l)/((-1)/4).
2, 3, 7
Let h(n) = -n**3 - 2*n**2 - n + 1. Let y be h(-2). Suppose u - 4*x - 23 = x, y*u + x = 21. What are the prime factors of u?
2
What are the prime factors of 1*(2940/50)/(2/10)?
2, 3, 7
Let f = -4 - -7. Let u(z) = 2*z**2 - 3*z. List the prime factors of u(f).
3
Let f = -2 - -2. Suppose 4 = -f*z + 2*z. Let y = z + 3. List the prime factors of y.
5
Suppose 5*q - 7*q = -48. List the prime factors of q.
2, 3
What are the prime factors of (-330)/(-20)*8/3?
2, 11
Let o = 0 - -4. Suppose 0 - 24 = -o*a. List the prime factors of a.
2, 3
Let q(c) = 2*c**3 - 3*c**2 + 3*c - 2. Suppose 110 = 5*l + 30. Suppose 2*w - l = -3*t, 0 = -5*t + t - 3*w + 23. What are the prime factors of q(t)?
2
Suppose u + 5*u = 2226. List the prime factors of u.
7, 53
Suppose -h = 3*h - 92. List the prime factors of h.
23
Let v(i) = i**3 + 9*i**2 + 8*i + 11. Let d be v(-8). What are the prime factors of (-10)/(-1)*d/22?
5
Let g be (2 - 3)/(2/(-4)). Let y(u) = 5*u**2 + g*u**2 - 3 + 2. What are the prime factors of y(-1)?
2, 3
Let q = 26 + -16. Suppose 3*g - 29 = -5*z, 2*z - 4 - q = -2*g. Suppose g*y - 14 = 7. List the prime factors of y.
7
Let n(d) = -32*d + 27. What are the prime factors of n(-9)?
3, 5, 7
Suppose 16*k - 354 = 1342. What are the prime factors of k?
2, 53
Let c be (-1)/(-3) - (-113)/3. Let u = 59 - c. List the prime factors of u.
3, 7
Let k(l) = -26*l - 16. What are the prime factors of k(-7)?
2, 83
Let c be (2 - 1) + -2 + -4. Let j = 8 + c. Suppose 4*h = 2*g - 54, -g = 6*h - j*h - 7. What are the prime factors of g?
19
Let q(s) = -11*s + 263. List the prime factors of q(0).
263
Let u(z) = z**2 - 5*z - 4. Let i be u(6). List the prime factors of 15/2*4/i.
3, 5
Let u(d) = -2*d + 4. Suppose -4*o = -5*m + 53, -4*o + 0*m - 3*m - 13 = 0. Let i be u(o). Suppose -i = -4*w + 6. List the prime factors of w.
2, 3
What are the prime factors of (136 + 2)/3 - -2?
2, 3
Let r(u) = -u + 8. Let z = 12 - 6. Let w be r(z). Suppose w*j = -j + 18. What are the prime factors of j?
2, 3
Let c(o) = -3*o. Let l be c(-2). Let t(x) = -x**2 + 7*x - 3. Let y be t(l). Suppose 5*a + 4*w = 4, 24 = 4*a + w - y*w. What are the prime factors of a?
2
Let q = -237 - -402. What are the prime factors of q?
3, 5, 11
List the prime factors of (-130)/(-6) - (-8)/(-12).
3, 7
Let m = 78 + -26. Suppose j - 3*j + m = 0. What are the prime factors of j?
2, 13
Let d = 4 - 9. Let m(c) = 9*c + 2. Let w be m(d). List the prime factors of 5/20 + w/(-4).
11
Suppose 2*p = -m + 12 + 22, 0 = -2*m + 3*p + 33. What are the prime factors of m?
2, 3
Let o(s) = -1 - 3 + s - 2*s. What are the prime factors of o(-7)?
3
Suppose 5 = 2*w + 1. Let p(h) = 3*h**3 + 3*h**2 - 3*h + 3. List the prime factors of p(w).
3, 11
Let c = -34 + 78. List the prime factors of c.
2, 11
Suppose 0 = -3*j - 4*r - 52, -62 = -j + 4*j - r. Let k = j - -49. Suppose 5 - k = -2*h. List the prime factors of h.
2, 3
Let u(q) = -2*q**2 - 2*q + 24. Let v(i) = i**2 + i - 12. Let f(o) = 2*u(o) + 5*v(o). Let c be f(0). Let j = c + 19. List the prime factors of j.
7
Let n(b) be the third derivative of 0 + 1/8*b**4 + 2*b**2 + 1/60*b**5 + 0*b - 1/2*b**3. List the prime factors of n(-5).
7
Let o be 1*(-2 + (2 - -5)). Suppose -4*s = s - o*j - 35, -3*s = j - 21. List the prime factors of s.
7
Let x be (-12)/9*(-9)/2. Let i = 10 + x. What are the prime factors of i?
2
Let q(t) = -2*t - 5. Let p be q(-4). Let x(f) = 82*f**2 - 3*f - 2 - f**3 - 25*f**2 - 27*f**2 - 25*f**2. List the prime factors of x(p).
7
Let m(a) = -a**3 + 4*a**2 - 2*a + 3. Let i be m(4). Let g = i - -8. What are the prime factors of g?
3
Let p(c) = -61*c + 10. What are the prime factors of p(-3)?
193
Let y be 6*54*(-3)/(-12). Suppose 5*k + 13 = 2*f, 2*f + 2*f + k = y. List the prime factors of 1*f - 27/9.
2
Let j = 67 - 39. What are the prime factors of j?
2, 7
Suppose 6 = -2*i - 10. Let h = -5 - i. List the prime factors of h.
3
Let n = 2 + -2. Suppose 41 = 5*p - 3*i - 62, -3*p + 3*i + 57 = n. List the prime factors of p.
23
Suppose 0 = 3*q + 18 - 102. What are the prime factors of q?
2, 7
Let z(l) = -l - 5. Let r be z(10). Let p = r - -29. What are the prime factors of p?
2, 7
List the prime factors of (-11 + -45)*(2 + -4 + 0).
2, 7
Let y be (-5)/5 + 0 + -3. Let z be (5/4)/(y/(-16)). Suppose -z*i + 5*w + 5 = -0*w, -4*w = -i - 8. List the prime factors of i.
2
Suppose 5*g + 5 = -5*b, -5*g + 5*b = 2*b - 27. Suppose -4*h = -g*w + 33, 2*w - 42 = -5*h + h. Let u = w - 8. What are the prime factors of u?
7
Let d(l) = -11*l**3 - 32*l**3 - l - 1 + 10*l**3. Let y be d(-1). Suppose 4*t - 4*x = 3*t + 21, -y = -4*t - x. What are the prime factors of t?
3
Suppose 0*u = 5*u + 10, 5*o - 5*u - 50 = 0. Suppose 2*x - o = -0. List the prime factors of x.
2
Let z(r) = -2*r**2 - r - 1. Let t be z(2). Let d = -6 - t. List the prime factors of d.
5
Suppose 2*i + 2*i = 80. Suppose -f - 7 = 5*a + 6, 4*a = -i. Suppose -3*y + s + 20 = 0, -2*s - 3*s + f = -y. List the prime factors of y.
2
Suppose -6*a + 26 = -5*a. List the prime factors of a.
2, 13
Let r be (8/10)/((-3)/(-105)). Suppose 2*m = 3 + 5. Suppose 4*f = 5*b + 14, 4*f - 2*b + m*b = r. What are the prime factors of f?
2, 3
Let a(d) = d**2 + 2. Let b(w) = 5*w + 6. Let p(y) = 4*y + 6. Let t(k) = -3*b(k) + 4*p(k). Let l be t(-8). What are the prime factors of a(l)?
2, 3
Let c(o) = 85*o - 5. Let n be c(2). Suppose -4*y + n - 25 = 0. What are the prime factors of y?
5, 7
Suppose -u + 5 = -2*u. What are the prime factors of 62*(-2 - u/2)?
31
Let s(q) = 2*q - 3. Let i be s(3). Suppose j - g - 7 = -4, g + 17 = i*j. Suppose -7 = 6*v - j*v. List the prime fa